12. Let g(a) = -16*a + 8. Let c be g(s). Let f = 18 - -1. What is the highest common divisor of c and f?
19
Suppose 3*m = -12 - 6. Let p = m + -10. Let c = p + 24. Calculate the highest common factor of 8 and c.
8
Let y be 13215/75 - (-3)/(-15). Calculate the greatest common factor of y and 11.
11
Suppose -3*b - 4*c + 103 = 0, 0*b = -b + c + 46. Let f = -28 + b. Calculate the greatest common divisor of 26 and f.
13
Let f = -35 + 39. Let c(d) = -d**3 + d**2 + d + 9. Let a be c(0). Let p be a - (-7 + 1 - -3). What is the highest common divisor of p and f?
4
Suppose 20*j - 1535 - 1165 = 0. Calculate the greatest common divisor of j and 195.
15
Suppose -2*l = -7*l + 20. Suppose -l*i - i + 80 = 0. Let z(j) = -j**3 - 7*j**2 - 7*j - 2. Let n be z(-6). What is the greatest common factor of n and i?
4
Let h(k) = 28 + k**3 - 15*k - 18*k**2 + 2*k**2 + k**2 + 5. Let v be h(16). Calculate the greatest common divisor of 7 and v.
7
Let r be ((1 + -376)/(-5))/1. What is the highest common divisor of 60 and r?
15
Let q = 1 - 3. Let v = 5 + q. Let b be 7 + (v - 1 - 0). What is the highest common factor of b and 45?
9
Suppose 11*k - 22*k = -55. Let o(a) = -a**3 - 3*a**2 + a + 5. Let w be o(-5). What is the greatest common factor of w and k?
5
Let n = -1 + 40. Let g be (-6)/(-8) - n/(-12). Suppose i + 2*v - 15 = 0, -4*i + g*v + 10 + 14 = 0. What is the highest common divisor of 99 and i?
9
Let d = 388 + -346. What is the highest common factor of d and 119?
7
Let y be ((-76)/18)/((-4)/18). What is the greatest common factor of y and 19?
19
Let l(k) = k**3 + 7*k**2 + k + 7. Let q be l(-7). Suppose -3*d + 751 - 189 = n, -2*n - 10 = q. Calculate the highest common factor of d and 27.
27
Let x = -31 + 26. Let q be 251/5 + 1/x. Suppose 5*d - q = 30. Calculate the greatest common divisor of 16 and d.
16
Let j(w) = -w**3 + 4*w**2 - 3*w + 9. Let t be j(3). Let m(q) = q**3 - 11*q**2 + 19*q - 7. Let z be m(t). What is the greatest common factor of z and 16?
2
Let m = -93 + 95. What is the greatest common divisor of m and 16?
2
Let i(o) = 8*o - 6. Let m = 6 - -6. Let d be i(m). Suppose -5*p + p - 14 = -2*x, -x - 5*p + 35 = 0. What is the greatest common factor of x and d?
15
Suppose 30 + 2 = 4*k. Let p(g) = -g + 10. Let c(z) = -z + 9. Let b(s) = 4*c(s) - 3*p(s). Let u be b(2). Calculate the greatest common factor of k and u.
4
Suppose -2*w + 169 = -111. Calculate the greatest common divisor of w and 100.
20
Suppose 4*s - s + k - 240 = 0, 3*k = -2*s + 160. Suppose -90*x - 28 = -88*x. Let v = x - -24. Calculate the greatest common divisor of v and s.
10
Let s = -578 - -610. What is the highest common factor of 256 and s?
32
Let d(b) = 3*b**2 - 14*b + 8. Let t be d(4). Let j be 8 - (t/(16/4) - 4). Calculate the highest common divisor of 108 and j.
12
Suppose -5*n = -4*n + 2*j - 235, 4*n + 2*j = 970. What is the highest common divisor of n and 105?
35
Suppose -2*p + 2*w = -42 + 132, -2*w = 4*p + 186. Let g = 79 + p. What is the highest common divisor of 22 and g?
11
Suppose -5*r = -4 - 16. Suppose 5*w - r - 26 = 0. Calculate the highest common factor of 9 and w.
3
Let q = 8 + 4. Let p = 22 + q. Calculate the highest common divisor of 17 and p.
17
Let h(w) = w**2 - 2*w - 2. Let i be h(-4). Let p be -1*13*(-5)/1. Let u = -43 + p. What is the highest common factor of i and u?
22
Let k = -307 + 619. What is the greatest common factor of k and 24?
24
Suppose -4*r - 32 = 20. Let u = 17 + r. Suppose -u*m + 69 = -27. What is the highest common divisor of m and 12?
12
Let p = 43 - 41. Suppose -273 - 104 = -3*f + p*d, 4*f - 5*d = 505. Calculate the highest common divisor of 25 and f.
25
Let z = -5 - -8. Let c be (z + -2)/(2/68). Calculate the highest common factor of c and 17.
17
Suppose -u = 2*u - 15, t - 1 = u. Calculate the greatest common divisor of t and 654.
6
Suppose 0 = 4*x - 0*x + 12, -4*x = -2*v + 12. Suppose -4*g - 16*g + 720 = v. What is the greatest common divisor of g and 24?
12
Suppose 3*z = 0, 0*x + 4*x - 4*z - 252 = 0. Let n(t) = -t**3 - 5*t**2 + 6*t + 9. Let g be n(-6). What is the highest common divisor of g and x?
9
Let j = 21 - 9. Suppose -4*m + 8 + j = p, 5*p - 5*m = 0. Calculate the greatest common factor of 10 and p.
2
Let s be 65/1 - 1/1. Suppose -18*w - 45013 = -45085. What is the highest common factor of w and s?
4
Suppose -118 = -5*z + 232. What is the highest common divisor of 105 and z?
35
Suppose 16*b + 0*b - 832 = 0. Calculate the highest common divisor of b and 12.
4
Let b(x) = -5*x**3 - 2*x**2 - x. Let v be b(-1). Suppose 42 - 258 = -v*q. What is the greatest common factor of q and 6?
6
Let g be (-1 - 0)*(83 + -96). Calculate the highest common factor of 1430 and g.
13
Let s = -165 - -93. Let n = s - -75. Calculate the highest common divisor of 3 and n.
3
Suppose -2*f + 328 = 39*f. Calculate the highest common factor of 152 and f.
8
Let a = 1 - 3. Let v(l) = 6*l**2 + 2. Let g be v(a). Suppose 2*j - 402 - 170 = 0. What is the highest common divisor of g and j?
26
Suppose -4*w = 3*o - 6 + 2, 0 = -3*o - w + 10. Suppose f + 81 = o*y + y, 0 = 4*f + 4. What is the highest common factor of 8 and y?
8
Let g be 4/(-7) - 5/(70/(-232)). What is the highest common divisor of g and 8?
8
Let p = -294 - -282. Suppose -2*w + 46 = -3*h, h + 5*w - 11 - 2 = 0. Let y be ((-9)/h)/(p/(-16)). Calculate the greatest common divisor of 5 and y.
1
Suppose -312 = -2*f - f. Suppose -x + 2*x = q - 17, 0 = -3*x - 12. What is the highest common factor of q and f?
13
Let l(z) = -7*z - 19. Let d be l(7). Let s = -36 - d. Calculate the highest common divisor of s and 4.
4
Let r be (135/10)/(3/4). Calculate the highest common factor of 18 and r.
18
Suppose 0 = 6*m - 10*m + 56. Suppose -139 = -8*i + 85. Calculate the highest common factor of m and i.
14
Suppose -26136 = 30*z - 63*z. Calculate the highest common factor of 99 and z.
99
Suppose -i = -2*x - 9 - 14, 115 = 5*i - 2*x. Let u = -14 + i. Suppose -4*k - 83 = -j, k - 15 = 4*k. Calculate the greatest common factor of j and u.
9
Let b = -3 + -40. Let r = -35 - b. What is the highest common factor of 72 and r?
8
Suppose -k = 0, 3*m + k - 422 = 28. What is the highest common divisor of 120 and m?
30
Suppose 16*r = -24*r + 22080. Calculate the highest common factor of r and 48.
24
Suppose -1 - 11 = -3*f. Suppose -48 = -2*j + 5*b, -j - f*b + 50 = -0*j. Calculate the greatest common factor of j and 34.
34
Let q be 3/5 - (-574)/10. Let i = 121 - q. Calculate the highest common divisor of i and 9.
9
Let c(m) = m**2 - 2*m - 10. Let k be c(7). Let s = k - 31. Let z(t) = -5*t - 8. Let b be z(s). Calculate the greatest common factor of b and 110.
22
Let t be (-8)/(-6) + 0 - 1681/(-123). What is the greatest common divisor of 9 and t?
3
Suppose -4*u = 7*m - 5*m - 84, -5*m + 186 = 2*u. Calculate the highest common factor of 816 and m.
12
Let g(p) = -3*p - 8. Let u be g(-7). Let a = 16 - u. Suppose a*o = 3*k - 0*o - 72, -k + 24 = 2*o. Calculate the greatest common divisor of 192 and k.
24
Let h = 145 - -101. Calculate the greatest common divisor of h and 205.
41
Let x(v) = 5*v**2 + 4*v + 7. Let c be (-10)/4 + (-3)/(-6). Let a be x(c). What is the greatest common divisor of 209 and a?
19
Let m(j) = -6*j**2 - 61*j - 3. Let u be m(-10). Calculate the highest common divisor of u and 19.
1
Let v be (-10)/((-13)/117 + 34/387). Calculate the highest common divisor of v and 172.
86
Suppose 5*p + 4*q - 6*q - 381 = 0, -5*p = 2*q - 369. What is the greatest common factor of 6 and p?
3
Let l be -4*413/(-140)*8*10. What is the greatest common divisor of l and 16?
16
Let p = 236 + -101. Calculate the highest common factor of 225 and p.
45
Let t = -5 - -15. Let m(a) = -a**3 - 21*a**2 - 42*a - 66. Let c be m(-19). Calculate the greatest common divisor of c and t.
10
Let u(x) = -x**3 - 20*x**2 + 8. Let k be u(-20). Suppose -k*b + 72 = -4*b. What is the highest common divisor of 9 and b?
9
Let m = -222 - -230. Suppose 40 = 8*i + m. Let g be 98/3 - (-4)/(-6). Calculate the greatest common factor of g and i.
4
Let f be (-4)/3*42/(-4). Suppose -3*j = 4*j - 84. Let l be (48/(-10))/(j/(-280)). Calculate the greatest common factor of l and f.
14
Suppose -5*v - 3*m - 5 = 0, 0 = 4*v - 4*m - 5 - 23. Calculate the greatest common factor of v and 15.
1
Let c = 710 + -342. Cal